2 - 2*n + 25. Let t(z) = -5*z**3 - 4*z**2 + z - 13. Let s(b) = 6*l(b) + 11*t(b). Let k be -12*(-17)/34 + 2 + -4. What is s(k)?
3
Let h(v) = 3*v**2 - 2*v + 1. Suppose -14*q = -9*q + 140. Let w be 84/q + -2 + 7. Give h(w).
9
Let r(v) = 20 + 22 - v - 5*v**2 - 41 - 4*v**2 + v**3 - 2*v**3. Calculate r(-5).
-94
Let d(l) = l**2 - 5*l - 1. Let x(k) = -k**3 + 10*k**2 - 8*k - 5. Suppose 0 = 21*f - 16*f - 355. Let m = f + -62. Let z be x(m). What is d(z)?
-5
Let a(v) = -v**2 - 2*v + 6. Suppose -1154*d + 1163*d - 27 = 0. Calculate a(d).
-9
Suppose -5*s = 6*s - 7*s - 8. Let h(z) = z**2 - 37*z + 70. Determine h(s).
0
Let f(g) be the third derivative of -g**6/120 - g**5/6 - 3*g**4/8 + 5*g**3/3 + 33*g**2 - 6. Give f(-8).
-46
Let t(q) be the first derivative of -q**2/2 + 25. Let n(c) = -1. Let u(h) = n(h) - t(h). Give u(-7).
-8
Let j(t) = -t**3 - 14*t**2 - 5*t - 62. Suppose -2*s - 5*h - 33 = 0, 11*s + 4*h = 7*s - 60. Give j(s).
8
Let h be (4/(-7))/(2/(-7)). Let l(m) = -2*m + 13. Let x(b) = b - 5. Let j(r) = r - 5. Let k(z) = 3*j(z) - 4*x(z). Let u(i) = -8*k(i) + 3*l(i). What is u(h)?
3
Let l(p) = p**2 + 2*p - 5. Let m = 10 + 11. Let h = m + 4. Let y = 21 - h. Determine l(y).
3
Let g(h) = 15*h + 149 - 300 + 156 - 4*h**2 - 20*h. Calculate g(-2).
-1
Let t(k) be the third derivative of k**5/60 - 3*k**4/8 + 5*k**3/6 + 28*k**2 + 24. Calculate t(9).
5
Let s(j) be the third derivative of 17*j**6/120 + j**3/6 + j**2. Let p be (-4750)/(-12) - (23/6 - 4). Let f = p + -395. What is s(f)?
18
Let c be (-1 - (-4)/6)/((-1)/(-3)). Let j be 4 - (3 + c - (-4 - -4)). Suppose -5*i + j + 3 = 5*z, 5*z = 2*i + 33. Let a(w) = w. Give a(i).
-4
Let s(v) = -v**2 + 9*v + 20. Let p = 52 - 44. Let l be p - -1*(-3 + 6). Let m be s(l). Let c(k) = 4*k + 2. Determine c(m).
-6
Let y be (-1 - (0 - 2))/((-3)/(-9)). Let b be 63/12 + y/4. Suppose -2*l + 5*l + 3*p + b = 0, -5*l = -p + 22. Let n(q) = -q**2 - 2*q + 3. Calculate n(l).
-5
Let k(v) be the third derivative of -3/8*v**4 - 1/2*v**3 + 4*v**2 + 1/60*v**5 + 0 + 0*v. Let u be k(9). Let t(m) = m + 1. What is t(u)?
-2
Let k(a) be the first derivative of -15*a**2/2 - 87*a + 1768. Calculate k(-6).
3
Let b(f) = f**2 + 4*f - 2. Let h = 240 - 240. Suppose 18*j = 16*j + 3*d - 14, h = -j - 4*d - 7. Determine b(j).
19
Suppose 3*t - 5*d + 9 = 0, 2*t = 4*d + 96 - 102. Let i(r) = -2*r**3 + r - 7. What is i(t)?
44
Let q(k) = 2*k**2 + 25*k - 14. Suppose 23*g + 9*g + 41*g = -1022. Give q(g).
28
Let s(n) = -2*n**2 - 2*n + 6. Let r be s(0). Let b(k) = -5*k + 42. What is b(r)?
12
Suppose 3*z + 16 = 2*b - 7, 4*z + 8 = -3*b. Let g(y) be the first derivative of -2*y**3/3 + 3*y**2 + 197. What is g(b)?
-8
Let l(f) be the first derivative of -f - 1/3*f**3 + 158 + 1/2*f**2. Suppose 0 = n - 3*t - 16, 0 = n + 4*t + 5 + 7. Determine l(n).
-13
Let g(p) = -3*p + 6. Let m be g(4). Let y(t) = -t**2 - 9*t - 10. Let i be y(m). Let z(q) = -7 - 4*q + 7*q - i*q + q**2. What is z(5)?
-7
Let r = 8 - 8. Let x = r - -4. Let g(o) be the third derivative of -o**4/12 + o**3/6 + o**2 - 624. What is g(x)?
-7
Let z(k) = k**2 + 7*k - 8. Suppose 0*v = -v - 2. Suppose -5*a + 47 = u, -4*u - a = -7*u + 61. Let m be u/(-4) + v + (-11)/(-22). Give z(m).
-8
Suppose -2*m - 17*m = 26*m + 1035. Let i(x) = -2*x - 54. What is i(m)?
-8
Let q(w) = 68*w**2 + 362*w - 1025. Let n(j) = 10*j**2 + 52*j - 146. Let f(k) = -41*n(k) + 6*q(k). Calculate f(14).
4
Let d = -3440 + 3453. Let x(h) be the second derivative of -1/2*h**2 + d*h - 1/20*h**5 + 0 - 1/12*h**4 + 1/3*h**3. Give x(-2).
-1
Let k be 262/11 + -3*10/(-165). Suppose -260 = 4*w - 4*i, -2*i - 236 - k = 4*w. Let b = w + 61. Let s(v) = -v**3 - 3*v**2 + 3*v + 4. Give s(b).
8
Let r = 71 + -13. Let l = r + -58. Let c be (-3 - 0) + 2 + l. Let g(n) = 2*n**3 - 1. What is g(c)?
-3
Let f(m) = -m + 2. Let y = 106 - 111. Let o(u) = 6*u - 5. Let i(d) = y*f(d) - o(d). Calculate i(-9).
4
Let j(h) = -h**3 - 9*h**2 + 3. Let g(z) = -22*z + 137. Let v be g(7). Let b(p) = -5*p - 94. Let m be b(v). Calculate j(m).
3
Let y(n) = n**3 + 4*n**2 + 9*n + 9. Let f(t) = t**2 - 26*t - 989. Let g be f(47). Calculate y(g).
-1
Let d(z) = 7*z**3 - 95*z**2 + 159*z + 224. Let h(b) = b**3 - 16*b**2 + 26*b + 37. Let x(f) = -2*d(f) + 13*h(f). What is x(-19)?
14
Let d(q) = 25*q**3 - 2*q**2 + 14*q + 23. Let a(w) = 7*w**3 - w**2 + 5*w + 8. Let p(u) = -7*a(u) + 2*d(u). What is p(-4)?
2
Suppose 20 = 2*i - 2*o, 16*i = 21*i + o - 14. Let l(t) = -21*t + 91. Give l(i).
7
Let t(s) = -35*s**2 + 12*s + 24. Let g(r) = 64*r**2 - 24*r - 45. Let b(d) = 6*g(d) + 11*t(d). Give b(-12).
-6
Let s(d) = -d + 26. Let y(x) = -x**3 + 16*x**2 + 19*x - 27. Let g be y(17). What is s(g)?
19
Let x(q) = 12*q - q**2 - 35*q - 2494 + 1230 + 1196. Give x(-20).
-8
Let q(k) = 45*k + 8. Let t = -12751 - -12750. Give q(t).
-37
Let q(k) = -4*k + 5. Let c(h) = 3. Let n(b) = -13*b + 7. Let z(a) = -3*c(a) - n(a). Let w be 6 + -1 + (-6)/(-3). Let s(o) = w*q(o) + 2*z(o). Give s(5).
-7
Let n = 2 + -2. Let q(s) = 18*s + 66. Let d be q(-3). Let k(x) = 5*x + n*x - 3*x + d*x. Give k(1).
14
Let l(f) be the second derivative of -1/2*f**3 + 0 + 26*f - 17/2*f**2. Let g be l(-5). Let x(r) = 5*r + 2. Give x(g).
-8
Suppose 2*y = -6*s + 3*s + 47, -y + 43 = 3*s. Let c(m) = 12*m - 13 - s*m + 9. Determine c(-4).
0
Suppose -2*q + 4*f + 10 = 0, -2*q + 6*f = 11*f - 55. Let b(d) = -2*d - d - q + 8*d. Determine b(4).
5
Let r = -3817 - -3812. Let d(z) = -17*z + 3. Calculate d(r).
88
Let x be -13*(-4)/(0 - -4). Let c be -12 + x + 1*-9. Let r(m) = m**3 + 7*m**2 - 7*m + 2. Determine r(c).
-6
Let t(r) = 12*r - 51. Let w(k) = 11*k - 56. Let s(q) = 3*t(q) - 4*w(q). Give s(9).
-1
Let j be (1 + -1)*(12 + -6)/(-6). Let a(i) = -3*i + 138 + 2*i - 146. Give a(j).
-8
Let p(n) = -22*n + 142. Let l(j) = 9*j - 72. Let f(u) = 7*l(u) + 3*p(u). Give f(-26).
0
Let z(b) = -41 - 3*b**2 - 10*b + 9*b + 5*b**2 + 39 + 6*b. Give z(4).
50
Let d be 3/((2/90)/((-210)/(-63))). Let r = d + -451. Let w(o) = -25*o. What is w(r)?
25
Let g(q) be the second derivative of -1/2*q**3 + 1/20*q**5 - q + 5/12*q**4 + 13 - 9/2*q**2. What is g(-5)?
6
Let t(n) be the second derivative of n**8/1344 - n**6/720 + n**4/12 + 5*n**3/2 - 21*n - 1. Let a(s) be the third derivative of t(s). Calculate a(-1).
-4
Let t(l) be the third derivative of 2*l + 1/3*l**4 - 7/60*l**5 + 1/120*l**6 - l**3 + 0 - 13*l**2. Let d = -34 + 40. Determine t(d).
6
Let o(u) = -11*u + 25 - 12*u - 24*u. Let d(s) = -32*s + 18. Let x(t) = 7*d(t) - 5*o(t). What is x(1)?
12
Let w = 266 + -450. Let q = -185 - w. Let d(l) = -31*l**3 - l. Give d(q).
32
Let p = 0 + -2. Let s(n) = -2. Let z(u) = -51*u + 0 - 5 - 45*u + 95*u. Let h(y) = 6*s(y) - 2*z(y). Give h(p).
-6
Let m be (6/8)/((-144)/(-768)). Let b(o) = m*o - o**3 + 14*o**2 + 4*o - 9*o**2 - 8 - o. Suppose -4*i + 28 = 4*j, -i = j - 2*i - 5. Determine b(j).
-2
Let j(g) be the third derivative of -g**5/60 - 2*g**4/3 + 10*g**3/3 - 918*g**2. What is j(-16)?
20
Let k(r) = -r**3 - 4*r**2 + 3*r - 7. Let q = -94 - -129. Suppose 0*c = c + 2*z + 20, -3*c = z + q. Let b be 15/(-2)*c/(-15). What is k(b)?
3
Let p(c) be the first derivative of c**6/120 - 2*c**5/15 - c**4/3 - 2*c**3 + 19*c**2 + 56. Let i(u) be the second derivative of p(u). Give i(9).
-3
Let a = 1 + 0. Let w = -890 + 892. Let f be a/(w/(-14) + 0/(-3)). Let i(q) = -q**3 - 8*q**2 - 10*q - 10. What is i(f)?
11
Suppose 5*v + 2*x = x + 7, 20 = 4*v - 4*x. Let d(o) = -4*o - v*o**2 + o**2 - o. Suppose -11588*y + 11600*y + 48 = 0. What is d(y)?
4
Let v be 1 - (-2)/((-8)/28). Let h = 19 + -17. Let o(r) = -6*r + 2 + 8 - 5 - r**h. Give o(v).
5
Let u(x) = -130*x + 721. Let s(q) = 87*q - 514. Let k(r) = 8*s(r) + 5*u(r). Determine k(11).
-1
Let t(q) = 2*q - 35. Suppose 1250*h = 1219*h. Calculate t(h).
-35
Let j(t) be the second derivative of -t**5/60 - t**4/12 - 44*t**3 - 96*t - 2. Let d(l) be the second derivative of j(l). What is d(-5)?
8
Let i = -47 - -10. Let b = -39 - i. Let z(c) = -c**3 - 6*c**2 - 6*c + 1. Let j(m) = 3*m**3 + 18*m**2 + 18*m - 3. Let a(l) = b*j(l) - 7*z(l). Give a(-5).
-6
Let g(z) be the second derivative of -z**5/20 - 13*z**4/12 + 7*z**2 - 3*z + 37. Give g(-13).
14
Let a(p) = -p**2 - 8*p - 4. Suppose -7*b + 6*b + 24 = 0. Suppose 18*v - b = 15*v. Suppose 0 = -r + 2*r + x + 3, -v = 4*r + 5*x. What is a(r)?
3
Let u(l) = l**3 - 9*l**2 + 